{"id":17381,"date":"2023-08-03T11:24:08","date_gmt":"2023-08-03T09:24:08","guid":{"rendered":"https:\/\/unsere-apo.de\/gizlilik-politikasi\/"},"modified":"2025-08-20T15:18:57","modified_gmt":"2025-08-20T13:18:57","slug":"gizlilik-politikasi","status":"publish","type":"page","link":"https:\/\/unsere-apo.de\/tr\/gizlilik-politikasi\/","title":{"rendered":"Gizlilik Politikas\u0131"},"content":{"rendered":"\t\t<div data-elementor-type=\"wp-page\" data-elementor-id=\"17381\" class=\"elementor elementor-17381 elementor-18\" data-elementor-post-type=\"page\">\n\t\t\t\t<div class=\"elementor-element elementor-element-6a8b6f8 e-flex e-con-boxed e-con e-parent\" data-id=\"6a8b6f8\" data-element_type=\"container\" data-e-type=\"container\">\n\t\t\t\t\t<div class=\"e-con-inner\">\n\t\t\t\t<div class=\"elementor-element elementor-element-0019f81 elementor-widget elementor-widget-text-editor\" data-id=\"0019f81\" data-element_type=\"widget\" data-e-type=\"widget\" data-widget_type=\"text-editor.default\">\n\t\t\t\t\t\t\t\t\t<h1>Gizlilik Politikas\u0131<\/h1><p>Gizlilik politikam\u0131z maalesef sadece Almanca ve \u0130ngilizce dillerinde mevcuttur.<br \/><a href=\"https:\/\/unsere-apo.de\/datenschutzerklaerung\/\">Gizlilik politikas\u0131 Almanca<\/a><br \/><a href=\"https:\/\/unsere-apo.de\/en\/privacy-policy\/\">Gizlilik politikas\u0131 \u0130ngilizce<\/a><\/p>\t\t\t\t\t\t\t\t<\/div>\n\t\t\t\t\t<\/div>\n\t\t\t\t<\/div>\n\t\t\t\t<\/div>\n\t\t","protected":false},"excerpt":{"rendered":"<p>Gizlilik Politikas\u0131 Gizlilik politikam\u0131z maalesef sadece Almanca ve \u0130ngilizce dillerinde mevcuttur.Gizlilik politikas\u0131 AlmancaGizlilik politikas\u0131 \u0130ngilizce<\/p>\n","protected":false},"author":2,"featured_media":0,"parent":0,"menu_order":8,"comment_status":"closed","ping_status":"closed","template":"","meta":{"footnotes":""},"class_list":["post-17381","page","type-page","status-publish","hentry"],"yoast_head":"<!-- This site is optimized with the Yoast SEO plugin v27.2 - https:\/\/yoast.com\/product\/yoast-seo-wordpress\/ -->\n<title>Gizlilik Politikas\u0131 - Schyren Apotheke und Apotheke am Schloss<\/title>\n<meta name=\"description\" content=\"Gizlilik politikam\u0131z, verilerinizin toplanmas\u0131, i\u015flenmesi ve g\u00fcvenli\u011fi hakk\u0131nda size \u015feffaf bilgiler sa\u011flar.\" \/>\n<meta name=\"robots\" content=\"index, follow, max-snippet:-1, max-image-preview:large, max-video-preview:-1\" \/>\n<link rel=\"canonical\" href=\"https:\/\/unsere-apo.de\/tr\/gizlilik-politikasi\/\" \/>\n<meta property=\"og:locale\" content=\"tr_TR\" \/>\n<meta property=\"og:type\" content=\"article\" \/>\n<meta property=\"og:title\" content=\"Gizlilik Politikas\u0131 - Schyren Apotheke und Apotheke am Schloss\" \/>\n<meta property=\"og:description\" content=\"Gizlilik politikam\u0131z, verilerinizin toplanmas\u0131, i\u015flenmesi ve g\u00fcvenli\u011fi hakk\u0131nda size \u015feffaf bilgiler sa\u011flar.\" \/>\n<meta property=\"og:url\" content=\"https:\/\/unsere-apo.de\/tr\/gizlilik-politikasi\/\" \/>\n<meta property=\"og:site_name\" content=\"Schyren Apotheke und Apotheke am Schloss\" \/>\n<meta property=\"article:modified_time\" content=\"2025-08-20T13:18:57+00:00\" \/>\n<meta name=\"twitter:card\" content=\"summary_large_image\" \/>\n<meta name=\"twitter:label1\" content=\"Tahmini okuma s\u00fcresi\" \/>\n\t<meta name=\"twitter:data1\" content=\"1 dakika\" \/>\n<script type=\"application\/ld+json\" class=\"yoast-schema-graph\">{\"@context\":\"https:\/\/schema.org\",\"@graph\":[{\"@type\":\"WebPage\",\"@id\":\"https:\/\/unsere-apo.de\/tr\/gizlilik-politikasi\/\",\"url\":\"https:\/\/unsere-apo.de\/tr\/gizlilik-politikasi\/\",\"name\":\"Gizlilik Politikas\u0131 - Schyren Apotheke und Apotheke am Schloss\",\"isPartOf\":{\"@id\":\"https:\/\/unsere-apo.de\/tr\/#website\"},\"datePublished\":\"2023-08-03T09:24:08+00:00\",\"dateModified\":\"2025-08-20T13:18:57+00:00\",\"description\":\"Gizlilik politikam\u0131z, verilerinizin toplanmas\u0131, i\u015flenmesi ve g\u00fcvenli\u011fi hakk\u0131nda size \u015feffaf bilgiler sa\u011flar.\",\"breadcrumb\":{\"@id\":\"https:\/\/unsere-apo.de\/tr\/gizlilik-politikasi\/#breadcrumb\"},\"inLanguage\":\"tr\",\"potentialAction\":[{\"@type\":\"ReadAction\",\"target\":[\"https:\/\/unsere-apo.de\/tr\/gizlilik-politikasi\/\"]}]},{\"@type\":\"BreadcrumbList\",\"@id\":\"https:\/\/unsere-apo.de\/tr\/gizlilik-politikasi\/#breadcrumb\",\"itemListElement\":[{\"@type\":\"ListItem\",\"position\":1,\"name\":\"Home\",\"item\":\"https:\/\/unsere-apo.de\/tr\/ana-sayfa\/\"},{\"@type\":\"ListItem\",\"position\":2,\"name\":\"Gizlilik Politikas\u0131\"}]},{\"@type\":\"WebSite\",\"@id\":\"https:\/\/unsere-apo.de\/tr\/#website\",\"url\":\"https:\/\/unsere-apo.de\/tr\/\",\"name\":\"Schyren Apotheke und Apotheke am Schloss\",\"description\":\"Apothekerin Gertrud Elsenberger\",\"publisher\":{\"@id\":\"https:\/\/unsere-apo.de\/tr\/#organization\"},\"potentialAction\":[{\"@type\":\"SearchAction\",\"target\":{\"@type\":\"EntryPoint\",\"urlTemplate\":\"https:\/\/unsere-apo.de\/tr\/?s={search_term_string}\"},\"query-input\":{\"@type\":\"PropertyValueSpecification\",\"valueRequired\":true,\"valueName\":\"search_term_string\"}}],\"inLanguage\":\"tr\"},{\"@type\":\"Organization\",\"@id\":\"https:\/\/unsere-apo.de\/tr\/#organization\",\"name\":\"Schyren Apotheke und Apotheke am Schloss\",\"url\":\"https:\/\/unsere-apo.de\/tr\/\",\"logo\":{\"@type\":\"ImageObject\",\"inLanguage\":\"tr\",\"@id\":\"https:\/\/unsere-apo.de\/tr\/#\/schema\/logo\/image\/\",\"url\":\"https:\/\/unsere-apo.de\/wp-content\/uploads\/2018\/03\/beide-logos-blau-rot.png\",\"contentUrl\":\"https:\/\/unsere-apo.de\/wp-content\/uploads\/2018\/03\/beide-logos-blau-rot.png\",\"width\":800,\"height\":250,\"caption\":\"Schyren Apotheke und Apotheke am Schloss\"},\"image\":{\"@id\":\"https:\/\/unsere-apo.de\/tr\/#\/schema\/logo\/image\/\"}}]}<\/script>\n<!-- \/ Yoast SEO plugin. -->","yoast_head_json":{"title":"Gizlilik Politikas\u0131 - Schyren Apotheke und Apotheke am Schloss","description":"Gizlilik politikam\u0131z, verilerinizin toplanmas\u0131, i\u015flenmesi ve g\u00fcvenli\u011fi hakk\u0131nda size \u015feffaf bilgiler sa\u011flar.","robots":{"index":"index","follow":"follow","max-snippet":"max-snippet:-1","max-image-preview":"max-image-preview:large","max-video-preview":"max-video-preview:-1"},"canonical":"https:\/\/unsere-apo.de\/tr\/gizlilik-politikasi\/","og_locale":"tr_TR","og_type":"article","og_title":"Gizlilik Politikas\u0131 - Schyren Apotheke und Apotheke am Schloss","og_description":"Gizlilik politikam\u0131z, verilerinizin toplanmas\u0131, i\u015flenmesi ve g\u00fcvenli\u011fi hakk\u0131nda size \u015feffaf bilgiler sa\u011flar.","og_url":"https:\/\/unsere-apo.de\/tr\/gizlilik-politikasi\/","og_site_name":"Schyren Apotheke und Apotheke am Schloss","article_modified_time":"2025-08-20T13:18:57+00:00","twitter_card":"summary_large_image","twitter_misc":{"Tahmini okuma s\u00fcresi":"1 dakika"},"schema":{"@context":"https:\/\/schema.org","@graph":[{"@type":"WebPage","@id":"https:\/\/unsere-apo.de\/tr\/gizlilik-politikasi\/","url":"https:\/\/unsere-apo.de\/tr\/gizlilik-politikasi\/","name":"Gizlilik Politikas\u0131 - Schyren Apotheke und Apotheke am Schloss","isPartOf":{"@id":"https:\/\/unsere-apo.de\/tr\/#website"},"datePublished":"2023-08-03T09:24:08+00:00","dateModified":"2025-08-20T13:18:57+00:00","description":"Gizlilik politikam\u0131z, verilerinizin toplanmas\u0131, i\u015flenmesi ve g\u00fcvenli\u011fi hakk\u0131nda size \u015feffaf bilgiler sa\u011flar.","breadcrumb":{"@id":"https:\/\/unsere-apo.de\/tr\/gizlilik-politikasi\/#breadcrumb"},"inLanguage":"tr","potentialAction":[{"@type":"ReadAction","target":["https:\/\/unsere-apo.de\/tr\/gizlilik-politikasi\/"]}]},{"@type":"BreadcrumbList","@id":"https:\/\/unsere-apo.de\/tr\/gizlilik-politikasi\/#breadcrumb","itemListElement":[{"@type":"ListItem","position":1,"name":"Home","item":"https:\/\/unsere-apo.de\/tr\/ana-sayfa\/"},{"@type":"ListItem","position":2,"name":"Gizlilik Politikas\u0131"}]},{"@type":"WebSite","@id":"https:\/\/unsere-apo.de\/tr\/#website","url":"https:\/\/unsere-apo.de\/tr\/","name":"Schyren Apotheke und Apotheke am Schloss","description":"Apothekerin Gertrud Elsenberger","publisher":{"@id":"https:\/\/unsere-apo.de\/tr\/#organization"},"potentialAction":[{"@type":"SearchAction","target":{"@type":"EntryPoint","urlTemplate":"https:\/\/unsere-apo.de\/tr\/?s={search_term_string}"},"query-input":{"@type":"PropertyValueSpecification","valueRequired":true,"valueName":"search_term_string"}}],"inLanguage":"tr"},{"@type":"Organization","@id":"https:\/\/unsere-apo.de\/tr\/#organization","name":"Schyren Apotheke und Apotheke am Schloss","url":"https:\/\/unsere-apo.de\/tr\/","logo":{"@type":"ImageObject","inLanguage":"tr","@id":"https:\/\/unsere-apo.de\/tr\/#\/schema\/logo\/image\/","url":"https:\/\/unsere-apo.de\/wp-content\/uploads\/2018\/03\/beide-logos-blau-rot.png","contentUrl":"https:\/\/unsere-apo.de\/wp-content\/uploads\/2018\/03\/beide-logos-blau-rot.png","width":800,"height":250,"caption":"Schyren Apotheke und Apotheke am Schloss"},"image":{"@id":"https:\/\/unsere-apo.de\/tr\/#\/schema\/logo\/image\/"}}]}},"_links":{"self":[{"href":"https:\/\/unsere-apo.de\/tr\/wp-json\/wp\/v2\/pages\/17381","targetHints":{"allow":["GET"]}}],"collection":[{"href":"https:\/\/unsere-apo.de\/tr\/wp-json\/wp\/v2\/pages"}],"about":[{"href":"https:\/\/unsere-apo.de\/tr\/wp-json\/wp\/v2\/types\/page"}],"author":[{"embeddable":true,"href":"https:\/\/unsere-apo.de\/tr\/wp-json\/wp\/v2\/users\/2"}],"replies":[{"embeddable":true,"href":"https:\/\/unsere-apo.de\/tr\/wp-json\/wp\/v2\/comments?post=17381"}],"version-history":[{"count":4,"href":"https:\/\/unsere-apo.de\/tr\/wp-json\/wp\/v2\/pages\/17381\/revisions"}],"predecessor-version":[{"id":17409,"href":"https:\/\/unsere-apo.de\/tr\/wp-json\/wp\/v2\/pages\/17381\/revisions\/17409"}],"wp:attachment":[{"href":"https:\/\/unsere-apo.de\/tr\/wp-json\/wp\/v2\/media?parent=17381"}],"curies":[{"name":"wp","href":"https:\/\/api.w.org\/{rel}","templated":true}]}}

Gizlilik Politikası

<div data-elementor-type="wp-page" data-elementor-id="17381" class="elementor elementor-17381 elementor-18" data-elementor-post-type="page">
				<div class="elementor-element elementor-element-6a8b6f8 e-flex e-con-boxed e-con e-parent" data-id="6a8b6f8" data-element_type="container" data-e-type="container">
					<div class="e-con-inner">
				<div class="elementor-element elementor-element-0019f81 elementor-widget elementor-widget-text-editor" data-id="0019f81" data-element_type="widget" data-e-type="widget" data-widget_type="text-editor.default">
									<h1>Gizlilik Politikası</h1><p>Gizlilik politikamız maalesef sadece Almanca ve İngilizce dillerinde mevcuttur.<br /><a href="https://unsere-apo.de/datenschutzerklaerung/">Gizlilik politikası Almanca</a><br /><a href="https://unsere-apo.de/en/privacy-policy/">Gizlilik politikası İngilizce</a></p>								</div>
					</div>
				</div>
				</div>

<p>Gizlilik Politikası Gizlilik politikamız maalesef sadece Almanca ve İngilizce dillerinde mevcuttur.Gizlilik politikası AlmancaGizlilik politikası İngilizce</p>

<!-- This site is optimized with the Yoast SEO plugin v27.2 - https://yoast.com/product/yoast-seo-wordpress/ -->
<title>Gizlilik Politikası - Schyren Apotheke und Apotheke am Schloss</title>
<meta name="description" content="Gizlilik politikamız, verilerinizin toplanması, işlenmesi ve güvenliği hakkında size şeffaf bilgiler sağlar." />
<meta name="robots" content="index, follow, max-snippet:-1, max-image-preview:large, max-video-preview:-1" />
<link rel="canonical" href="https://unsere-apo.de/tr/gizlilik-politikasi/" />
<meta property="og:locale" content="tr_TR" />
<meta property="og:type" content="article" />
<meta property="og:title" content="Gizlilik Politikası - Schyren Apotheke und Apotheke am Schloss" />
<meta property="og:description" content="Gizlilik politikamız, verilerinizin toplanması, işlenmesi ve güvenliği hakkında size şeffaf bilgiler sağlar." />
<meta property="og:url" content="https://unsere-apo.de/tr/gizlilik-politikasi/" />
<meta property="og:site_name" content="Schyren Apotheke und Apotheke am Schloss" />
<meta property="article:modified_time" content="2025-08-20T13:18:57+00:00" />
<meta name="twitter:card" content="summary_large_image" />
<meta name="twitter:label1" content="Tahmini okuma süresi" />
	<meta name="twitter:data1" content="1 dakika" />
<script type="application/ld+json" class="yoast-schema-graph">{"@context":"https://schema.org","@graph":[{"@type":"WebPage","@id":"https://unsere-apo.de/tr/gizlilik-politikasi/","url":"https://unsere-apo.de/tr/gizlilik-politikasi/","name":"Gizlilik Politikası - Schyren Apotheke und Apotheke am Schloss","isPartOf":{"@id":"https://unsere-apo.de/tr/#website"},"datePublished":"2023-08-03T09:24:08+00:00","dateModified":"2025-08-20T13:18:57+00:00","description":"Gizlilik politikamız, verilerinizin toplanması, işlenmesi ve güvenliği hakkında size şeffaf bilgiler sağlar.","breadcrumb":{"@id":"https://unsere-apo.de/tr/gizlilik-politikasi/#breadcrumb"},"inLanguage":"tr","potentialAction":[{"@type":"ReadAction","target":["https://unsere-apo.de/tr/gizlilik-politikasi/"]}]},{"@type":"BreadcrumbList","@id":"https://unsere-apo.de/tr/gizlilik-politikasi/#breadcrumb","itemListElement":[{"@type":"ListItem","position":1,"name":"Home","item":"https://unsere-apo.de/tr/ana-sayfa/"},{"@type":"ListItem","position":2,"name":"Gizlilik Politikası"}]},{"@type":"WebSite","@id":"https://unsere-apo.de/tr/#website","url":"https://unsere-apo.de/tr/","name":"Schyren Apotheke und Apotheke am Schloss","description":"Apothekerin Gertrud Elsenberger","publisher":{"@id":"https://unsere-apo.de/tr/#organization"},"potentialAction":[{"@type":"SearchAction","target":{"@type":"EntryPoint","urlTemplate":"https://unsere-apo.de/tr/?s={search_term_string}"},"query-input":{"@type":"PropertyValueSpecification","valueRequired":true,"valueName":"search_term_string"}}],"inLanguage":"tr"},{"@type":"Organization","@id":"https://unsere-apo.de/tr/#organization","name":"Schyren Apotheke und Apotheke am Schloss","url":"https://unsere-apo.de/tr/","logo":{"@type":"ImageObject","inLanguage":"tr","@id":"https://unsere-apo.de/tr/#/schema/logo/image/","url":"https://unsere-apo.de/wp-content/uploads/2018/03/beide-logos-blau-rot.png","contentUrl":"https://unsere-apo.de/wp-content/uploads/2018/03/beide-logos-blau-rot.png","width":800,"height":250,"caption":"Schyren Apotheke und Apotheke am Schloss"},"image":{"@id":"https://unsere-apo.de/tr/#/schema/logo/image/"}}]}</script>
<!-- / Yoast SEO plugin. -->

Gizlilik Politikası - Schyren Apotheke und Apotheke am Schloss

Gizlilik politikamız, verilerinizin toplanması, işlenmesi ve güvenliği hakkında size şeffaf bilgiler sağlar.
